 of a(24)?
4
Let u(b) be the third derivative of -3*b**6/20 - b**5/60 - b**4/12 - b**3/6 + 13*b**2. What is the tens digit of u(-1)?
1
Let j be 0/(2/(-6)*-3). Suppose j = i - 4. What is the tens digit of 12/16*i*11?
3
Let v = 3 + -3. Let g be v/(-2*(-9)/(-6)). Suppose g*o - 34 = -o. What is the tens digit of o?
3
Suppose -563 - 1162 = -5*j - 3*s, 5*j + 5*s - 1725 = 0. What is the tens digit of j?
4
Suppose -8*h + 4 = -6*h. Suppose -7*c + 3*c - 280 = -4*o, -h*o = 5*c - 175. What is the units digit of o?
5
What is the hundreds digit of 150/(-200) - (2646/(-8))/1?
3
Let t be (-700)/10*4/10. Let c = 22 + t. Let l(p) = p**2 + 3*p + 5. What is the tens digit of l(c)?
2
Let w(r) = 2*r**2 + 15*r + 13. Let x be (-2 - (2 + 9))/(1 + 0). What is the tens digit of w(x)?
5
Let d(y) = 2*y**2 - 2*y - 8. Let b be d(9). Suppose -5*k + 157 = 2*v, -b = -3*k - k + v. What is the units digit of (1/3)/(1/k)?
1
Suppose 17*l - 21*l = -24. Suppose -l*f + 300 = -f - y, -3*f + 3*y + 168 = 0. What is the units digit of f?
1
Let q(t) = 58*t - 14. What is the units digit of q(10)?
6
Let k = -1501 + 3258. What is the tens digit of k?
5
Let r be -1 + (-3 - 0 - -145). Let n = -38 + r. What is the tens digit of n?
0
Suppose -1180 = -4*g + 128. What is the hundreds digit of g?
3
Let m(s) = -8*s + 284. What is the hundreds digit of m(-24)?
4
What is the tens digit of 20/(-5) + 440 + 4?
4
Let x be (-1 - 0)*(-1 + -14). Let q be (-70)/(-25) + 3/x. Suppose s = 2*g - 24, 2*g - 2 = q*g - 4*s. What is the units digit of g?
4
Suppose -3*c - c = 20, -2*b + 1276 = 4*c. What is the hundreds digit of b?
6
Let g(i) = i**3 - 12*i**2 - 13*i + 17. Let u be g(13). Suppose -3*o = 2*r - 30, -3*o - 5*r + u + 4 = 0. What is the units digit of o?
2
Let w(f) = -29*f + 190. What is the hundreds digit of w(-8)?
4
Let r = 353 - 123. What is the hundreds digit of r?
2
Let b be 4/6*10857/(-14). Let m = -253 - b. What is the hundreds digit of m?
2
Suppose 4*v = 5*c - 8*c + 1013, -4*c - 2*v = -1364. What is the hundreds digit of c?
3
Suppose 2*a = -5*g + 3*a, -5*a = g. Let c(k) = 3*k + 66. Let v be c(-20). Suppose g = 2*u - v - 0. What is the units digit of u?
3
Let m be (-1)/(-6) - (-3695)/(-30). What is the tens digit of (20/2 - 2)*m/(-12)?
8
Suppose 13*w = 16*w. Suppose 3*g - 24 = -w*g. What is the units digit of g?
8
Let n(r) = 7 - 27*r**2 + r + 12*r**2 + 9*r**2 + 11*r - r**3. What is the units digit of n(-9)?
2
Let q(k) = 33*k + 180. What is the tens digit of q(21)?
7
Suppose -4562 + 198 = -4*o. What is the thousands digit of o?
1
Let n(f) = -f**2 - 9*f - 11. Let b be n(-7). Suppose -h + 8 = -3*o + 21, b*o = 3*h + 3. Suppose 10*k - 168 = o*k. What is the tens digit of k?
4
Let h(l) = 7*l**2 + 7*l + 34. Let b(r) = 4*r**2 + 3*r + 17. Let u(y) = -5*b(y) + 3*h(y). What is the units digit of u(9)?
2
Let s be ((-16)/(-20) - 0)/(2/710). Suppose -7*h = -11*h + s. What is the units digit of h?
1
Let w(y) = -2*y + 33. Let r be w(10). Suppose 1701 = -6*j + r*j. What is the tens digit of j?
4
Let o be 402/10 + (-3)/15. Let p = 47 - o. What is the units digit of p?
7
Let b be (1 + 0)*(-1 + 3). Let f(a) = -4*a**2 + 2*a - a**b + 11*a**3 - 1 + 4*a**2 + 11*a**3. What is the units digit of f(1)?
2
Suppose 3 - 9 = 2*w. Let v = 57 - 1. Let n = w + v. What is the tens digit of n?
5
Suppose -25 = -4*v - v. Suppose 6*j - 127 = v*j. What is the hundreds digit of j?
1
Suppose -6*q + 1527 = 243. What is the units digit of q?
4
Let o = 19 - 19. Suppose o = -8*w + 273 + 79. What is the units digit of w?
4
Suppose -5*z - 366 = 189. Let s = -53 - z. What is the tens digit of s?
5
Suppose -o - 5 = -13. Let q(m) = m**2 + 9*m - 20. What is the hundreds digit of q(o)?
1
Let z = 73 - 75. What is the units digit of 2/(-16)*z - 2034/(-24)?
5
Let m = 36 + -19. Let d = m - 8. What is the units digit of d + 3/6*-2?
8
Suppose -3*k + 4986 = -3*u, 3*k - 5*u - 4992 = -0*u. What is the tens digit of k?
5
Let n = -15 + 27. Let z = 16 - n. Suppose z*r = 0, 2*p = -p - r + 72. What is the units digit of p?
4
Let n(b) = -b**3 - 3*b**2 + 7*b + 7. Let h be (5/(-2))/((-2)/(-4)). What is the units digit of n(h)?
2
Suppose 2*r + 8 = 0, 5*r - 528 = 5*i - 2663. What is the hundreds digit of i?
4
Let x = -101 + 96. What is the hundreds digit of (x - -1) + 3536/16?
2
Let f(n) be the third derivative of -n**6/120 + n**5/15 - n**4/12 - n**3/6 - 2*n**2. Let t be f(3). Suppose t*u = 1 + 9. What is the units digit of u?
5
Let u(d) = -20*d + 193*d**2 - 2 + 21*d - 2 + 2. What is the tens digit of u(1)?
9
Let x = -68 - -138. What is the units digit of x?
0
Let i(y) = 3*y + 1. Let z be i(-6). Let r = z - -17. What is the units digit of 3/3*(r - -25)?
5
Let y be (-2)/(-5 - -1)*66. Let p = -17 - y. What is the units digit of (p - (-1 - 3))*-1?
6
Suppose -5*k + 2*w + 193 = -w, k + w = 45. Let s = 18 + k. What is the tens digit of s?
5
Let a(h) = h**2. Let v be a(-3). Let b = 12 - v. Suppose -m = -2*t - 10 - 9, 0 = b*t - 3. What is the units digit of m?
1
Suppose 4*m - 6078 = l + 4295, -9 = -3*l. What is the thousands digit of m?
2
Let u be (-62572)/28 + (-6)/21. What is the tens digit of (-2)/4 - (-1 - u/(-10))?
2
Suppose -28 = 4*q - 0*q. Let u(j) = 2*j**2 + 3*j + 6. Let l be u(q). Suppose -l = -3*d + b, -2*d = 6*b - b - 78. What is the tens digit of d?
2
Let d = -233 + 882. What is the units digit of d?
9
Let b = -64 - -68. Suppose 2*l + 10 = 2*o, -4*l - 6 = -3*o + b. What is the tens digit of o?
1
Let x(v) = 2*v + 624. Let g be x(0). Suppose -4*q + 2*c = -832, -2*q + c + g = q. Suppose 4*b + p + 55 = q, 2*p = 2*b - 64. What is the tens digit of b?
3
Let p(y) = 552*y**2. Let t be p(1). Suppose 4*z = 3*z - 5*u + 120, 5*z + u = t. Suppose 3*f - 8*f = -z. What is the tens digit of f?
2
Let y = -9 - -30. Suppose 13 = g - y. Let c = -22 + g. What is the units digit of c?
2
Suppose 0 = -341*v + 337*v + 1160. What is the units digit of v?
0
Let i = -1247 - -1348. What is the tens digit of i?
0
Let c be -3 + 0 + 1040/(2 - 7). Let x = -127 - c. What is the units digit of x?
4
Let i be (-1 - 1) + 4 + -7. Let k = -10 - -7. What is the units digit of i/k + 12/36?
2
Let a(u) = -1 - 2*u - 10*u**2 + u + 11*u**2 - u**3 + 0. Let v(d) = 3*d**3 + 10*d**2 - 7*d + 18. Let p(b) = 4*a(b) + v(b). What is the tens digit of p(13)?
4
Suppose -5*a - 1 = -91. Suppose 0 = -a*j + 16*j + 110. What is the tens digit of j?
5
Let s = 5 - -197. What is the hundreds digit of s?
2
Let q = 68 + -18. Let z = 183 - q. What is the hundreds digit of z?
1
Let c be (-1)/(-2*(-1)/330). Let r = c - -237. What is the units digit of r?
2
What is the units digit of -60 - -69 - (-1356)/1?
5
Suppose 4*i + 4*s = -28, 3*i - 3*s + 7 = -2. Let k be 75 + (2 - i/(-5)). Suppose -72 - k = -2*l. What is the units digit of l?
4
Suppose 0 = -2*l + 5*l + 3*y - 15, -2*y = -5*l + 32. Let m be 1/((-2)/(-6) - 0). Suppose l = -0*j + 2*j, w - j - m = 0. What is the units digit of w?
6
Let k(q) = -q**3 - 8*q**2 - 7*q - 4. Let z be k(-6). Let s = 93 + z. What is the units digit of s?
9
Let a be (-20448)/162 - 4/(-18). Let k = -49 - a. What is the tens digit of k?
7
Let k(u) = 13 - 8*u + 2*u**2 - 9 + 0*u**2. Let w be k(4). Suppose 3*z - 11 = -r, 8*r - w*r = -z - 11. What is the units digit of z?
5
Let w(q) = q**2 - 3*q - 7. What is the units digit of w(16)?
1
Suppose -43 - 7 = 5*y. Suppose -4*x = -3*x - 40. What is the units digit of 2632/x + 8/y?
5
Let s(a) = 2 - 1 + 5 - 4 + a - a**3. Let i = 2 + -4. What is the units digit of s(i)?
8
Suppose -4*c = o - 12679, 4*c - 2*o - 2*o - 12664 = 0. What is the units digit of c?
9
Let f = 502 + -87. What is the hundreds digit of f?
4
Let n = 1147 + -139. What is the units digit of n?
8
Suppose y = 6*y - 2*v - 1525, v = -2*y + 619. What is the tens digit of y?
0
Suppose -x + 5*x = 4*g + 328, -3*g + 12 = 0. Suppose 0 = 7*h - 124 - x. What is the units digit of h?
0
Let y = -8 - -14. Suppose y*r - 200 = 58. What is the tens digit of r?
4
Let c(m) be the third derivative of m**6/360 - m**5/120 + m**4/8 + m**3 + 5*m**2. Let l(n) be the first derivative of c(n). What is the units digit of l(5)?
3
Let d(w) be the first derivative of w**4/4 + w**3/3 - 2*w**2 - 3*w - 8. Suppose 2*u = -3*o - 5 + 23, 0 = -4*u + 12. What is the tens digit of d(o)?
6
Suppose u = -5*w + 2206, -434 = -w - 0*w - 2*u. Suppose -3*p +